 i*z = z + 23. Calculate the highest common factor of z and v.
23
Suppose 5*l = -o + 270, 5*l - 5*o = 4*l + 54. Suppose -659*c - 288*c = -715932. Calculate the highest common factor of c and l.
54
Suppose -35 = -10*k + 17*k. Let f(a) = 9*a**3 + 43*a**2 - 10*a + 5. Let g be f(k). Calculate the highest common divisor of 40 and g.
5
Suppose -5*u - 390 = -2*o, 59*o - 64*o = -2*u - 1059. What is the greatest common factor of 4085 and o?
215
Suppose 2*l + 27 = 5*m, -3*m - 148*l = -143*l - 41. Let i be (70/(-15))/((-2)/9). What is the highest common divisor of i and m?
7
Let l be ((-6)/10)/(-5 - 1196/(-240)). Let z = l - -90. Calculate the highest common factor of z and 18.
18
Let t be 180/16 + 5/(-4). Suppose -t = -v + 102. Calculate the greatest common divisor of v and 7.
7
Suppose -740*z + 743*z + 3*t - 14616 = 0, 2*z = -3*t + 9740. Calculate the highest common divisor of 2332 and z.
212
Suppose 22*k = -2908 + 8518. Calculate the greatest common divisor of 3315 and k.
255
Suppose 2*s = 6*s + 5*w - 22, 0 = -s - w + 6. Suppose s*n + 11 = 131. Calculate the highest common divisor of n and 135.
15
Let z be 92/22 - 14/77. Let x be 368/40 + z/5. Suppose 0 = -3262*l + 3270*l - 1040. What is the highest common factor of l and x?
10
Suppose -4*i - i = 4*q - 608, 4*i = 3*q + 505. Let b = 1576 + -1572. What is the highest common factor of i and b?
4
Let x be -1 - 15*3/(-9). Suppose 84 = x*l + 5*h, -5*h = -l - 3*h + 21. Calculate the highest common factor of l and 189.
21
Suppose 0*s = -3*s + 192. Let b = -20175 + 20303. Calculate the greatest common factor of s and b.
64
Let y be (-6 - (-141274)/49) + (-3)/21. Calculate the greatest common divisor of y and 63.
21
Let q(l) = l**2 + l + 3. Let r be q(0). Let m = -15 + 57. Suppose -3*y + 32 + 31 = -4*d, 0 = 2*y + 3*d - m. Calculate the highest common factor of r and y.
3
Let q be 372/((4 - (-266)/(-63)) + 5/9). What is the highest common divisor of 155 and q?
31
Let h(w) = 887*w**2 - 31*w + 7. Let m(u) = 296*u**2 - 9*u + 2. Let g(k) = -4*h(k) + 14*m(k). Let l be g(1). Calculate the greatest common divisor of 66 and l.
66
Let m(z) = -81*z - 9. Suppose -1626 = -3*h - 1629. Let k be m(h). What is the greatest common factor of k and 408?
24
Suppose -4869 = -3*s - 2*r, -6497 = -25*s + 21*s - r. What is the highest common divisor of 65 and s?
65
Let u = 109113 + -108903. Let l be ((-6)/(-8) - -1)*32. Calculate the highest common factor of u and l.
14
Let r = 126 - -15903. Calculate the highest common divisor of 117 and r.
117
Let y = -6500 - -7231. What is the highest common factor of y and 17?
17
Let a = 4704 + -1103. What is the greatest common factor of a and 26?
13
Let y = -75 - -79. Suppose -y*p - 140 = -4*n, -5*p + 57 + 48 = 2*n. What is the highest common divisor of n and 40?
40
Let n = 6855 - 6805. What is the greatest common factor of 1625 and n?
25
Suppose 2*h - 6 - 14 = 0. Let l = 14 - h. Suppose 1206 = 22*k + 414. Calculate the highest common factor of l and k.
4
Suppose -14*y + 17*y - 520 = -5*n, -y - 5*n + 160 = 0. Suppose 8*c + y = 14*c. Calculate the highest common divisor of c and 75.
15
Suppose 42 + 6 = -2*h. Let u = 3 - 15. Let k be (-3)/u + (-1146)/h. Calculate the greatest common divisor of k and 528.
48
Let n = 2104 - 1942. Calculate the highest common divisor of n and 6.
6
Let h = 563 - 503. Suppose f = -3, 76*w = 79*w + 5*f - h. Calculate the greatest common factor of 475 and w.
25
Let r = -40 + 92. Let z(v) = v**3 + 4*v**2 - v + 11. Let l be z(-4). Let j be (260/l)/(32/(-12) - -3). Calculate the highest common factor of r and j.
52
Let n(f) = f + 119. Let y be n(-19). Calculate the greatest common divisor of 4 and y.
4
Let t(s) = 209*s**2 + 17*s + 30. Let d be t(-2). Calculate the greatest common divisor of d and 104.
104
Suppose 95*h - 85*h = 90. Suppose h*y - 576 = 450. Calculate the highest common factor of y and 12.
6
Let o be (5 + 1 + -4)*(-24 + 42). Let n(d) = 14*d**2 - d - 4. Let k be n(-2). Calculate the highest common divisor of k and o.
18
Suppose 0*j + 270 = 5*j. Let r = -464 + 434. Let d be (3 + -1)*(-405)/r. Calculate the greatest common factor of j and d.
27
Let k be 36/30 - ((-2)/(-13) + 7089651/(-3445)). Calculate the greatest common factor of 638 and k.
29
Let s = -872 + 602. Let g = s - -513. Calculate the greatest common divisor of g and 27.
27
Suppose 4*i - 814 = 2*t, 766 + 55 = 4*i - 3*t. What is the highest common divisor of i and 350?
50
Let r(s) = 1281*s - 3150. Let m be r(18). Calculate the greatest common factor of 24 and m.
12
Let o be (-12)/(8766/68180*(-10)/(-6)*-1). Let z(m) = 125*m**3 + m**2 + m - 1. Let i be z(1). Calculate the greatest common divisor of o and i.
14
Suppose -18 = -3*y, -4*g - 82*y = -80*y - 20. What is the highest common divisor of 106 and g?
2
Let k(g) = g**2 - 20*g + 51. Let m be k(17). Suppose -2*t + 4*h - 38 + 176 = m, -4*h - 264 = -4*t. Calculate the greatest common factor of t and 63.
63
Suppose -j = -7, y - 70*j + 12 = -66*j. Calculate the highest common divisor of 2252 and y.
4
Suppose -4*z + 2*w + 971 - 217 = 0, 3*z + 3*w = 543. Suppose 688 + z = 23*i. Calculate the greatest common divisor of 152 and i.
38
Let y(c) = c**3 + 5*c**2 + 4*c - 7. Let r be y(-3). Let b be 329 - (-21)/(r + -2). What is the greatest common factor of b and 14?
14
Let y = 428 - 8. Suppose 0 = 107*x - 97*x - y. What is the highest common divisor of 30 and x?
6
Let t(n) = -n. Let p be t(-12). Suppose 3*q + 3*q = p. Suppose -b + q*b = 5*k - 180, 4*b = 2*k - 54. What is the greatest common divisor of 407 and k?
37
Let m be 18*14456/3510 + 4/(-30). What is the greatest common divisor of m and 3589?
37
Let u be -24*(-3 - 27/(-12)). Suppose -u*k + 1402 = -974. What is the highest common divisor of 44 and k?
44
Let b(g) = -898*g + 2716. Let x be b(3). Let f = 3 - 9. Let c(k) = -k**3 - 2*k**2 - 8*k + 6. Let w be c(f). What is the highest common factor of w and x?
22
Let f be 215 - (-8*7/(-84))/(4/(-6)). Calculate the highest common factor of 16 and f.
8
Let v = 45 + -40. Suppose -4*u + 2739 = -v*t, -4*t = -0*u - 5*u + 3435. Let k = 1163 - u. What is the highest common divisor of 59 and k?
59
Let j be (7/(-14))/((-2)/12). Suppose -q = 5*l, -l - 2*q + j*q = 0. Suppose l = -19*x + 20*x - 88. Calculate the highest common divisor of 8 and x.
8
Let f(r) = -3*r + 3 - 22 - 9 + 5. Let u be f(-13). What is the greatest common factor of 176 and u?
16
Suppose 54*s - 120 - 852 = 0. Let m(c) = -c**2 + 20*c - 26. Let k be m(s). What is the greatest common factor of k and 270?
10
Suppose -531 = 2*z - 5*g + 959, 3*z - 5*g + 2225 = 0. Let b = 737 + z. Calculate the highest common divisor of b and 270.
2
Let p(j) = -3*j + 24 + 10 + 5. Let u be p(12). Suppose -4*h - 16 = -2*r + 6, 0 = h + 4. Calculate the greatest common divisor of u and r.
3
Let h be (-106)/159*(14/21 - (-5811)/(-9)). Calculate the highest common divisor of 11 and h.
1
Suppose -13*j + 792 = -5*j. Let w(n) = -2*n + 2. Let m be w(-10). Calculate the highest common factor of m and j.
11
Let r = -78 - -95. Let s(p) = -5*p + 163. Let d be s(r). What is the highest common factor of d and 858?
78
Let a = -210 - -145. Let f = a + 88. Let l = 287 + -172. What is the highest common factor of l and f?
23
Let z(q) = 47*q**2 + q + 1. Let h = 41 + -42. Let f be z(h). Suppose 2*v - f - 43 = 0. What is the greatest common divisor of v and 135?
45
Let u(f) = 4*f - 10. Let i be u(4). Suppose 4*r + 4*r = 88. Suppose -5 = o, 2*x + o + r = 36. Calculate the highest common divisor of x and i.
3
Let j = -39 + 63. Let b be (82/40 - j/30)*4. Suppose -2*n + b*q + 70 = 3*q, 0 = -3*n + q + 95. What is the greatest common divisor of n and 15?
15
Let c be (2 + -679)/(427/(-35) + 12). Calculate the greatest common factor of c and 5.
5
Let p(b) = -b**2 + 15*b - 18. Let f be (27 - 1)*(-35)/10. Let u = -79 - f. Let y be p(u). What is the highest common factor of y and 30?
6
Let g(z) = 2*z - 200. Let n be g(27). Let m be -1 + 3 + -3 - (2 + n). Calculate the greatest common factor of 65 and m.
13
Let h = -2663 + 2664. What is the highest common divisor of 109 and h?
1
Let s = 38 - 40. Let f be (s/(-3))/((-7)/(-2100)*4). What is the highest common divisor of f and 25?
25
Let x be (-24)/40 + 216/(-15). Let c be x/(-12) - -46*(-5)/(-8). Suppose z - 5 = -3,